24411 a multiple of 18?
False
Is 3 a factor of 17252099?
False
Is 85026524 a multiple of 5?
False
Is 21529699 even?
False
Is 43891020 a multiple of 15?
True
Does 14 divide 23960921?
False
Is 235793149 a multiple of 3?
False
Is 114235963 a multiple of 229?
True
Is 11989452 a multiple of 6?
True
Does 8 divide 3412224?
True
Is 2278800992 a multiple of 2512?
True
Is 3478164 a multiple of 5?
False
Is 33503344 a multiple of 242?
False
Is 230113983 a multiple of 1876?
False
Is 22035251 a multiple of 2370?
False
Does 276 divide 88941261?
False
Is 12494647 even?
False
Is 164 a factor of 604817896?
True
Is 54 a factor of 655626906?
True
Is 3854 a factor of 374923980?
False
Is 261 a factor of 645748974?
True
Is 1152572953 a multiple of 8813?
True
Does 10 divide 13647977?
False
Does 177 divide 52879458?
True
Is 48720396 a multiple of 863?
False
Is 1455 a factor of 1400449140?
True
Is 783 a factor of 104668375?
False
Is 32157625 a multiple of 2045?
True
Is 40529418 a multiple of 466?
True
Is 7503290 a multiple of 10?
True
Does 46 divide 15741292?
True
Is 206 a factor of 343952268?
False
Does 10 divide 292206692?
False
Is 174020550 a multiple of 22?
True
Does 18 divide 1794058?
False
Is 5252 a factor of 96920408?
True
Is 3 a factor of 56044796?
False
Is 180888141 a multiple of 911?
False
Is 45 a factor of 100822282?
False
Does 1341 divide 93761075?
False
Is 51 a factor of 24934257?
True
Does 13 divide 48086282?
False
Is 950505349 a multiple of 4610?
False
Is 3327706227 a multiple of 57?
True
Does 507 divide 339056210?
False
Does 28 divide 272188860?
False
Is 443 a factor of 62672096?
True
Is 8 a factor of 255123072?
True
Does 347 divide 4556457?
True
Is 630503584 a multiple of 48?
False
Does 10 divide 18486555?
False
Does 13 divide 152681404?
False
Is 71769315 a multiple of 277?
True
Does 2162 divide 856069141?
False
Does 29 divide 272512826?
True
Does 49 divide 173529093?
False
Does 358 divide 2790968?
True
Is 544847636 a multiple of 6380?
False
Is 13366253 a multiple of 43?
False
Is 3463765983 a multiple of 27?
True
Is 3199893969 a multiple of 17?
True
Does 28 divide 53548852?
True
Is 11 a factor of 3859735?
True
Is 66995421 a multiple of 127?
True
Is 62584505 a multiple of 50?
False
Is 113470997 a multiple of 1409?
True
Is 306 a factor of 124024008?
False
Does 143 divide 2760472?
True
Is 50484525 a multiple of 5?
True
Does 2 divide 9403572?
True
Is 270531183 a multiple of 1551?
False
Does 90 divide 1353331652?
False
Is 43477521 a multiple of 573?
True
Does 1110 divide 2512024?
False
Is 52 a factor of 267115?
False
Is 17 a factor of 100757804?
False
Is 991021815 a multiple of 45?
True
Does 430 divide 21315890?
False
Is 51 a factor of 109423841?
False
Is 31 a factor of 331026432?
True
Is 10081572 a multiple of 93?
True
Does 5822 divide 1583904210?
True
Is 26 a factor of 4412094190?
False
Is 3 a factor of 433538979?
True
Is 608 a factor of 69298413?
False
Is 2645 a factor of 131112650?
True
Is 3861 a factor of 1878214786?
False
Is 17 a factor of 15927164?
True
Is 61579112 a multiple of 99?
False
Does 623 divide 675048535?
True
Is 342873399 a multiple of 33?
True
Is 93 a factor of 126346393?
False
Does 157 divide 180503015?
False
Is 242 a factor of 15097395?
False
Does 37 divide 16475138?
True
Does 1548 divide 787961821?
False
Is 1004211 a multiple of 27?
True
Is 261299730 a multiple of 1656?
False
Is 5980 a factor of 486855720?
True
Is 519962400 a multiple of 40?
True
Is 15 a factor of 73062305?
False
Is 17228468 a multiple of 15?
False
Does 56 divide 158347560?
True
Is 1147575 a multiple of 825?
True
Is 81005326 a multiple of 33?
False
Is 643 a factor of 145494482?
False
Is 32689670 a multiple of 230?
True
Does 28 divide 23060436?
True
Is 17 a factor of 3704964319?
False
Is 159177150 a multiple of 405?
True
Is 277606434 a multiple of 21?
True
Is 1994104749 a multiple of 273?
True
Is 168071562 a multiple of 3357?
True
Does 24 divide 171713520?
True
Is 55692075 a multiple of 294?
False
Is 237937240 a multiple of 10?
True
Is 2648016 a multiple of 284?
True
Does 12 divide 1066006583?
False
Is 7890828 a multiple of 9?
False
Is 674509330 a multiple of 1342?
True
Is 22 a factor of 46388562?
True
Is 81005880 a multiple of 6?
True
Does 11 divide 197617725?
False
Is 527299381 a multiple of 143?
False
Is 51 a factor of 7125169?
False
Does 540 divide 127968120?
True
Is 16 a factor of 446698110?
False
Is 358 a factor of 101056205?
False
Does 11835 divide 12600778?
False
Is 472585392 a multiple of 232?
True
Is 69 a factor of 6879162?
True
Is 32 a factor of 1008672?
True
Is 55 a factor of 97409133?
False
Is 2322 a factor of 259393629?
False
Does 10427 divide 5263560027?
True
Does 252 divide 72036178?
False
Is 13 a factor of 6567184?
True
Is 1665485250 a multiple of 3975?
True
Is 129764157 a multiple of 496?
False
Does 62 divide 179460426?
True
Is 69 a factor of 426811989?
True
Does 1900 divide 28773600?
True
Is 111760400 a multiple of 111?
False
Does 3 divide 106451852?
False
Is 14 a factor of 79436022?
False
Is 5722044 a multiple of 3?
True
Does 5 divide 2730225?
True
Is 394 a factor of 339575992?
True
Is 16 a factor of 1784032?
True
Is 31 a factor of 51815961?
False
Is 543 a factor of 124764430?
False
Is 40 a factor of 1022548?
False
Does 19 divide 438439611?
True
Does 179 divide 10624366?
True
Is 15779972 a multiple of 5?
False
Is 3121 a factor of 92930896?
True
Is 135962760 a multiple of 30?
True
Does 25 divide 6874825?
True
Is 91854910 a multiple of 170?
True
Is 40594365 a multiple of 315?
True
Does 16 divide 29622430?
False
Is 6259 a factor of 438965883?
False
Is 817341657 a multiple of 33?
True
Does 196 divide 454596221?
False
Is 42756603 a multiple of 87?
False
Does 30 divide 256743700?
False
Is 24 a factor of 25718816?
False
Is 5651866 a multiple of 2?
True
Is 646996640 a multiple of 1078?
False
Is 8747721 a multiple of 201?
True
Is 33891332 a multiple of 8?
False
Does 7 divide 60400851?
True
Is 23669811 a multiple of 12?
False
Is 226407584 a multiple of 92?
True
Does 24 divide 1077676?
False
Is 3180635 a multiple of 363?
False
Does 472 divide 28865632?
True
Is 5 a factor of 115974030?
True
Does 434 divide 182114646?
True
Is 50059832 a multiple of 323?
True
Is 52436385 a multiple of 2302?
False
Does 424 divide 259138284?
False
Is 119 a factor of 274248709?
True
Does 10 divide 2000887690?
True
Does 5 divide 7948385?
True
Is 125 a factor of 564075?
False
Is 375 a factor of 14456392?
False
Is 714224000 a multiple of 980?
True
Is 118 a factor of 27578653?
False
Is 426 a factor of 21981600?
True
Is 19 a factor of 64499395?
True
Is 41 a factor of 4223360?
False
Does 38 divide 33788461?
False
Is 4 a factor of 18204159?
False
Is 507 a factor of 123369196?
False
Is 2029565782 a multiple of 310?
False
Is 107 a factor of 972521716?
True
Is 1790410666 a multiple of 1760?
False
Is 329 a factor of 493011017?
False
Does 247 divide 21512193?
False
Is 311996703 a multiple of 565?
False
Is 598 a factor of 1757702452?
False
Is 7 a factor of 68236077?
True
Is 130 a factor of 40822161?
False
Is 57 a factor of 1378735673?
False
Is 365694135 a multiple of 1502?
False
Does 39 divide 55068351?
True
Is 996341425 a multiple of 1956?
False
Is 888598 a multiple of 16?
False
Is 7 a factor of 47398953?
True
Is 19 a factor of 532470459?
True
Is 1351455169 a multiple of 84?
False
Is 2796 a factor of 2729531600?
False
Does 1296 divide 11298528?
True
Is 25548913 a multiple of 377?
True
Is 234190353 a multiple of 4712?
False
Is 39126257 a multiple of 719?
False
Is 10 a factor of 16080110?
True
Is 2 a factor of 2711923?
False
Is 148 a factor of 2211285633?
False
Does 26 divide 3460938?
True
Is 10113037 a multiple of 381?
False
Is 37 a factor of 24960348?
True
Is 135779786 a multiple of 48?
False
Is 88991510 a multiple of 10?
True
Is 80781670 a multiple of 10?
True
Does 3228 divide 228616644?
True
Does 33 divide 54390435?
True
Is 5442 a factor of 802655527?
False
Is 124 a factor of 51927581?
False
Is 472 a factor of 159958912?
True
Does 82 divide 3191635816?
True
Is 67592268 a multiple of 12?
True
Is 16 a factor of 1052979840?
True
Does 74 divide 109815577?
False
Is 2328493 a multiple of 6?
False
Is 273505493 a multiple of 3148?
False
Is 508 a factor of 119379492?
True
Is 120 a factor of 699828